 3?
2
Calculate the remainder when 256292 is divided by 752.
612
Calculate the remainder when 306878 is divided by 774.
374
Calculate the remainder when 45477 is divided by 226.
51
Calculate the remainder when 551764 is divided by 114.
4
Calculate the remainder when 17674 is divided by 17567.
107
Calculate the remainder when 6087518 is divided by 59102.
12
What is the remainder when 6569370 is divided by 45305?
145
Calculate the remainder when 699578 is divided by 2879.
2860
Calculate the remainder when 7913925 is divided by 26.
19
Calculate the remainder when 17728836 is divided by 5909596.
48
Calculate the remainder when 27736619 is divided by 1066791.
53
What is the remainder when 90320 is divided by 1916?
268
What is the remainder when 1518427 is divided by 1176?
211
What is the remainder when 2936131 is divided by 195?
16
Calculate the remainder when 124940 is divided by 41486.
482
Calculate the remainder when 19132530 is divided by 2.
0
What is the remainder when 246088427 is divided by 3859?
3856
What is the remainder when 1603 is divided by 1540?
63
What is the remainder when 1301546 is divided by 3?
2
Calculate the remainder when 30303295 is divided by 8.
7
Calculate the remainder when 100173072 is divided by 47.
45
What is the remainder when 2600938722 is divided by 2607?
2604
What is the remainder when 74598036 is divided by 795?
6
What is the remainder when 32347455 is divided by 14?
7
Calculate the remainder when 472158 is divided by 472148.
10
What is the remainder when 4120938 is divided by 142101?
9
Calculate the remainder when 235088 is divided by 58733.
156
Calculate the remainder when 8662 is divided by 91.
17
What is the remainder when 1963709 is divided by 2078?
2077
Calculate the remainder when 64448580 is divided by 9206938.
14
Calculate the remainder when 1311553 is divided by 11710.
33
What is the remainder when 58607 is divided by 2781?
206
What is the remainder when 475582 is divided by 11497?
4205
Calculate the remainder when 183510353 is divided by 82.
11
Calculate the remainder when 3209389 is divided by 3125.
14
What is the remainder when 443174 is divided by 443154?
20
What is the remainder when 89298946 is divided by 89298942?
4
What is the remainder when 581585 is divided by 10203?
14
Calculate the remainder when 273248402 is divided by 102.
92
What is the remainder when 1044785061 is divided by 5673?
5670
Calculate the remainder when 4075094 is divided by 42011.
27
What is the remainder when 3754673 is divided by 1617?
1616
What is the remainder when 456093 is divided by 295?
23
Calculate the remainder when 795778 is divided by 18944.
130
Calculate the remainder when 141623 is divided by 3308.
2687
Calculate the remainder when 114961 is divided by 507.
379
What is the remainder when 185955 is divided by 60?
15
What is the remainder when 4918375 is divided by 94584?
7
What is the remainder when 15135457 is divided by 275?
7
What is the remainder when 538772 is divided by 5789?
395
Calculate the remainder when 360021 is divided by 8833.
6701
What is the remainder when 1593370341 is divided by 8?
5
Calculate the remainder when 3613945 is divided by 3613936.
9
Calculate the remainder when 484602 is divided by 483642.
960
What is the remainder when 591664 is divided by 58998?
1684
What is the remainder when 27080420 is divided by 3539?
3531
Calculate the remainder when 9046769 is divided by 645.
644
Calculate the remainder when 47128 is divided by 42283.
4845
Calculate the remainder when 5081117 is divided by 11.
8
What is the remainder when 17160231 is divided by 242?
11
Calculate the remainder when 842025 is divided by 360.
345
Calculate the remainder when 30401271 is divided by 44.
43
What is the remainder when 616371 is divided by 20545?
21
Calculate the remainder when 384057 is divided by 6675.
3582
Calculate the remainder when 99913 is divided by 1635.
178
What is the remainder when 1095807 is divided by 31?
19
What is the remainder when 1320419 is divided by 2684?
2575
Calculate the remainder when 7170 is divided by 442.
98
Calculate the remainder when 15115198 is divided by 5038398.
4
What is the remainder when 2122953 is divided by 118?
15
What is the remainder when 102329 is divided by 1361?
254
What is the remainder when 306823207 is divided by 289?
288
What is the remainder when 5170945 is divided by 986?
361
Calculate the remainder when 478762 is divided by 558.
556
Calculate the remainder when 104935 is divided by 169.
155
What is the remainder when 6402 is divided by 2433?
1536
What is the remainder when 148021 is divided by 36986?
77
Calculate the remainder when 80267 is divided by 1070.
17
What is the remainder when 213006 is divided by 104556?
3894
Calculate the remainder when 1511770257 is divided by 42.
39
What is the remainder when 176512495 is divided by 27?
22
Calculate the remainder when 463413 is divided by 1039.
19
What is the remainder when 33370962 is divided by 6674192?
2
What is the remainder when 4521465 is divided by 376781?
93
Calculate the remainder when 1252856 is divided by 166.
54
Calculate the remainder when 6786198 is divided by 930.
918
What is the remainder when 80291603 is divided by 446?
7
Calculate the remainder when 32020715 is divided by 852.
851
What is the remainder when 322173503 is divided by 333?
332
What is the remainder when 3984691 is divided by 1328221?
28
Calculate the remainder when 58339 is divided by 10396.
6359
What is the remainder when 14203139 is divided by 114?
107
What is the remainder when 4417319 is divided by 46?
31
Calculate the remainder when 344087 is divided by 468.
107
Calculate the remainder when 2092541 is divided by 149465.
31
Calculate the remainder when 1080957 is divided by 547.
85
What is the remainder when 5100586 is divided by 728626?
204
What is the remainder when 47376933 is divided by 1695?
1683
What is the remainder when 65183 is divided by 104?
79
Calculate the remainder when 12076268 is divided by 13.
9
Calculate the remainder when 19322870 is divided by 6707.
3
Calculate the remainder when 28127 is divided by 3522.
3473
What is the remainder when 858947 is divided by 11012?
11
What is the remainder when 109571 is divided by 7254?
761
Calculate the remainder when 12130861 is divided by 1135.
1116
What is the remainder when 204971 is divided by 12055?
36
What is the remainder when 28919 is divided by 2806?
859
Calculate the remainder when 782393 is divided by 600.
593
Calculate the remainder when 210377 is divided by 2923.
2844
Calculate the remainder when 6159188 is divided by 1954.
180
What is the remainder when 1318590 is divided by 950?
940
Calculate the remainder when 25686608 is divided by 244.
240
Calculate the remainder when 146027 is divided by 1758.
113
What is the remainder when 115655 is divided by 831?
146
Calculate the remainder when 28148400 is divided by 175.
0
Calculate the remainder when 9548789 is divided by 1193598.
5
Calculate the remainder when 3034896 is divided by 1011237.
1185
Calculate the remainder when 303138 is divided by 18869.
1234
What is the remainder when 8530610 is divided by 151?
16
Calculate the remainder when 5971005 is divided by 283.
271
Calculate the remainder when 2351144 is divided by 9557.
122
Calculate the remainder when 7146 is divided by 4843.
2303
What is the remainder when 21650 is divided by 3246?
2174
What is the remainder when 225130 is divided by 293?
106
Calculate the remainder when 50989 is divided by 593.
584
Calculate the remainder when 4246148 is divided by 92305.
118
What is the remainder when 1060417 is divided by 657?
19
What is the remainder when 873539 is divided by 204?
11
Calculate the remainder when 49091538 is divided by 590.
588
What is the remainder when 898200 is divided by 299214?
558
Calculate the remainder when 970058 is divided by 193983.
143
What is the remainder when 8826304 is divided by 2942094?
22
What is the remainder when 56864734 is divided by 1504?
1502
What is the remainder when 23013716 is divided by 8?
4
What is the remainder when 4738768 is divided by 139?
119
Calculate the remainder when 5603974 is divided by 19526.
12
What is the remainder when 641629 is divided by 49331?
326
Calculate the remainder when 14984751 is divided by 1503.
134